{"id":370,"date":"2021-08-19T13:55:59","date_gmt":"2021-08-19T13:55:59","guid":{"rendered":"https:\/\/kongresy.brydz.wlkp.pl\/?page_id=370"},"modified":"2023-02-15T06:57:19","modified_gmt":"2023-02-15T06:57:19","slug":"historia","status":"publish","type":"page","link":"https:\/\/kongresy.brydz.wlkp.pl\/index.php\/historia\/","title":{"rendered":"Historia"},"content":{"rendered":"\t\t<div data-elementor-type=\"wp-page\" data-elementor-id=\"370\" class=\"elementor elementor-370\">\n\t\t\t\t\t\t<section class=\"elementor-section elementor-top-section elementor-element elementor-element-72e2f62 elementor-section-boxed elementor-section-height-default elementor-section-height-default\" data-id=\"72e2f62\" data-element_type=\"section\">\n\t\t\t\t\t\t<div class=\"elementor-container elementor-column-gap-default\">\n\t\t\t\t\t<div class=\"elementor-column elementor-col-100 elementor-top-column elementor-element elementor-element-9451d11\" data-id=\"9451d11\" data-element_type=\"column\">\n\t\t\t<div class=\"elementor-widget-wrap elementor-element-populated\">\n\t\t\t\t\t\t<div class=\"elementor-element elementor-element-f17d6e2 elementor-widget elementor-widget-text-editor\" data-id=\"f17d6e2\" data-element_type=\"widget\" data-widget_type=\"text-editor.default\">\n\t\t\t\t<div class=\"elementor-widget-container\">\n\t\t\t<style>\/*! elementor - v3.23.0 - 05-08-2024 *\/\n.elementor-widget-text-editor.elementor-drop-cap-view-stacked .elementor-drop-cap{background-color:#69727d;color:#fff}.elementor-widget-text-editor.elementor-drop-cap-view-framed .elementor-drop-cap{color:#69727d;border:3px solid;background-color:transparent}.elementor-widget-text-editor:not(.elementor-drop-cap-view-default) .elementor-drop-cap{margin-top:8px}.elementor-widget-text-editor:not(.elementor-drop-cap-view-default) .elementor-drop-cap-letter{width:1em;height:1em}.elementor-widget-text-editor .elementor-drop-cap{float:left;text-align:center;line-height:1;font-size:50px}.elementor-widget-text-editor .elementor-drop-cap-letter{display:inline-block}<\/style>\t\t\t\t<p><a href=\"https:\/\/kongres.brydz.wlkp.pl\/\">https:\/\/kongres.brydz.wlkp.pl\/<\/a><\/p>\t\t\t\t\t\t<\/div>\n\t\t\t\t<\/div>\n\t\t\t\t\t<\/div>\n\t\t<\/div>\n\t\t\t\t\t<\/div>\n\t\t<\/section>\n\t\t\t\t<section class=\"elementor-section elementor-top-section elementor-element elementor-element-9547758 elementor-section-boxed elementor-section-height-default elementor-section-height-default\" data-id=\"9547758\" data-element_type=\"section\">\n\t\t\t\t\t\t<div class=\"elementor-container elementor-column-gap-default\">\n\t\t\t\t\t<div class=\"elementor-column elementor-col-100 elementor-top-column elementor-element elementor-element-e158fb6\" data-id=\"e158fb6\" data-element_type=\"column\">\n\t\t\t<div class=\"elementor-widget-wrap elementor-element-populated\">\n\t\t\t\t\t\t<div class=\"elementor-element elementor-element-435c7c6 elementor-widget elementor-widget-text-editor\" data-id=\"435c7c6\" data-element_type=\"widget\" data-widget_type=\"text-editor.default\">\n\t\t\t\t<div class=\"elementor-widget-container\">\n\t\t\t\t\t\t\t<h3>Historia<\/h3><ul><li><a href=\"https:\/\/kongresy.brydz.wlkp.pl\/index.php\/harmonogram-wyniki-2022\/\">Wyniki 2022<\/a><\/li><li><a href=\"https:\/\/kongresy.brydz.wlkp.pl\/index.php\/harmonogram-wyniki-2021\/\">Wyniki 2021<\/a><\/li><li><a href=\"https:\/\/kongres.brydz.wlkp.pl\/arch2019\" target=\"_blank\" rel=\"noopener\">Wyniki 2019<\/a><\/li><li><a href=\"https:\/\/kongres.brydz.wlkp.pl\/arch2018\" target=\"_blank\" rel=\"noopener\">Wyniki 2018<\/a><\/li><li><a href=\"https:\/\/kongres.brydz.wlkp.pl\/arch2017\" target=\"_blank\" rel=\"noopener\">Wyniki 2017<\/a><\/li><li><a href=\"https:\/\/kongres.brydz.wlkp.pl\/arch2016\" target=\"_blank\" rel=\"noopener\">Wyniki 2016<\/a><\/li><li><a href=\"https:\/\/kongres.brydz.wlkp.pl\/arch2015\" target=\"_blank\" rel=\"noopener\">Wyniki 2015<\/a><\/li><li><a href=\"https:\/\/kongres.brydz.wlkp.pl\/arch2014\" target=\"_blank\" rel=\"noopener\">Wyniki 2014<\/a><\/li><li><a href=\"https:\/\/kongres.brydz.wlkp.pl\/arch2013\" target=\"_blank\" rel=\"noopener\">Wyniki 2013<\/a><\/li><li><a href=\"https:\/\/kongres.brydz.wlkp.pl\/arch2012\" target=\"_blank\" rel=\"noopener\">Wyniki 2012<\/a><\/li><li><a href=\"https:\/\/kongres.brydz.wlkp.pl\/arch2011\" target=\"_blank\" rel=\"noopener\">Wyniki 2011<\/a><\/li><li><a href=\"https:\/\/kongres.brydz.wlkp.pl\/arch2010\" target=\"_blank\" rel=\"noopener\">Wyniki 2010<\/a><\/li><li><a href=\"https:\/\/kongres.brydz.wlkp.pl\/arch2009\" target=\"_blank\" rel=\"noopener\">Wyniki 2009<\/a><\/li><li><a href=\"https:\/\/kongres.brydz.wlkp.pl\/arch2008\" target=\"_blank\" rel=\"noopener\">Wyniki 2008<\/a><\/li><\/ul><p>Dobrym zwyczajem dzia\u0142aczy sportowych Poznania by\u0142o organizowanie w okresie Mi\u0119dzynarodowych Targ\u00f3w Pozna\u0144skich licznych, ciekawych imprez. W ten spos\u00f3b liczni go\u015bcie targowi mogli po obejrzeniu ekspozycji targowych znale\u017a\u0107 chwil\u0119 wytchnienia na trybunach obiekt\u00f3w sportowych.<\/p><p>Pod koniec lat pi\u0119\u0107dziesi\u0105tych w czerwcu w Poznaniu odbywa\u0142y si\u0119 imprezy tenisowe, \u017ceglarskie, motorowodne, balonowe i kolarskie. Pozna\u0144scy bryd\u017cy\u015bci nie chcieli by\u0107 gorsi i 25 maja 1960 r. w &#8222;Gazecie Pozna\u0144skiej&#8221; ukaza\u0142o si\u0119 nast\u0119puj\u0105ce og\u0142oszenie:<\/p><p>\u00a0<\/p><div><p><i>W\u0142\u0105czaj\u0105c si\u0119 do imprez sportowych organizowanych z okazji MTP, ZO PZBS w Poznaniu, organizuje w dniu 26 czerwca br. Og\u00f3lnopolski Turniej Par w obsadzie mi\u0119dzynarodowej o Puchar Dyrekcji MTP. Zach\u0119camy do udzia\u0142u w tej niecodziennej imprezie wszystkich bryd\u017cyst\u00f3w. Na list\u0119 ofiarodawc\u00f3w nagr\u00f3d wpisa\u0142y si\u0119:<\/i><\/p><p>\u00a0<\/p><ul><li>Centrala Win Importowanych,<\/li><li>Sp\u00f3\u0142dzielnia Zegarmistrzowska &#8211; Plac Wolno\u015bci,<\/li><li>MHD &#8211; Artyku\u0142y Gospodarstwa Domowego,<\/li><li>Delikatesy.<\/li><\/ul><p><i>Zg\u0142oszenia przyjmuje sekretariat ZO PZBS w Poznaniu, P\u0142ac Wolno\u015bci 5, Klub ZNP. Turniej odb\u0119dzie si\u0119 w kawiarni Klubu H.Cegielski ul. Dzier\u017cy\u0144skiego 219, pocz\u0105tek o 9.3o.<\/i><\/p><\/div><p>W przeddzie\u0144 turnieju odby\u0142 si\u0119 fina\u0142 Mistrzostw Polski Par. Spowodowa\u0142o to przyjazd do Poznania najlepszych polskich bryd\u017cyst\u00f3w. Zasada ta obowi\u0105zywa\u0142a do 1963 r. Od nast\u0119pnego roku do programu turnieju w\u0142\u0105czono turniej team\u00f3w, a w 1968 r. turniej indywidualny.<\/p><p>Rosn\u0105ca frekwencja zmusi\u0142a organizator\u00f3w do szukania nowego, znacznie wi\u0119kszego miejsca rozgrywek. W ten spos\u00f3b turniej przeprowadzi\u0142 si\u0119 do zabytkowych pomieszcze\u0144 Zamku &#8211; Pa\u0142acu Kultury. Jednak i ta lokalizacja po rekordowym 1984 r. (192 par) okaza\u0142a si\u0119 niewystarczaj\u0105ca. Organizatorzy zdecydowali si\u0119 na najbardziej reprezentacyjny sportowy obiekt Poznania Hal\u0119 Widowiskowo &#8211; Sportow\u0105 &#8222;Arena&#8221;, gwarantuj\u0105cy bardzo du\u017cy komfort gry.<\/p><p>Pod koniec lat osiemdziesi\u0105tych gwa\u0142townie zacz\u0119\u0142a male\u0107 liczba uczestnik\u00f3w, co spowodowa\u0142o bardzo powa\u017cny deficyt finansowy i w konsekwencji odwo\u0142anie turnieju w 1988 r. oraz przeprowadzenie turnieju w 1990 r, w Gnie\u017anie.<\/p><p>Po kr\u00f3tkim regresie organizacyjnym od 1995 r. nasz turniej zacz\u0105\u0142 by\u0107 przeprowadzany w nowych i przestronnych pomieszczeniach Centrum Kongresowego Instytutu Ochrony Ro\u015blin. Warunki gry ( sale gier, obs\u0142uga s\u0119dziowska, hotel, restauracja ) nie odbiegaj\u0105 od standard\u00f3w obowi\u0105zuj\u0105cych na renomowanych turniejach we Francji czy W\u0142oszech.<\/p><h4>G\u0141\u00d3WNY TURNIEJ PAR &#8211;\u00a0<i>OTP TARGOWY<\/i><\/h4><table border=\"0\"><tbody><tr><td>1960<\/td><td>Ryszard MICHAELI &#8211; Jerzy WO\u0141OSEWICZ<\/td><\/tr><tr><td>1961<\/td><td>Mieczys\u0142aw SIKORSKI &#8211; Sylwester TARASIUK<\/td><\/tr><tr><td>1962<\/td><td>Stanis\u0142aw BITNER &#8211; Janusz C.NOWAK<\/td><\/tr><tr><td>1963<\/td><td>Tadeusz GA\u0141\u0104ZKA &#8211; Jerzy STACHOWICZ<\/td><\/tr><tr><td>1964<\/td><td>Roman PETRI &#8211; Jerzy STACHOWICZ<\/td><\/tr><tr><td>1965<\/td><td>Jan JESKE &#8211; Jerzy MARCINIAK<\/td><\/tr><tr><td>1966<\/td><td>Edward BANASI\u0143SKI &#8211; Jacek NIE\u017bYCHOWSK1<\/td><\/tr><tr><td>1967<\/td><td>Grzegorz BAJKO &#8211; Konrad GA\u0141KA<\/td><\/tr><tr><td>1968<\/td><td>Stanis\u0142aw BITNER &#8211; Krzysztof LISICKI<\/td><\/tr><tr><td>1969<\/td><td>Mieczys\u0142aw GOCZEWSKI &#8211; Andrzej MA\u0141EK<\/td><\/tr><tr><td>1971<\/td><td>Andrzej MILDE &#8211; Krzysztof PUCIATYCKI<\/td><\/tr><tr><td>1971<\/td><td>Franciszek INDEKA &#8211; Stanis\u0142aw WILAND<\/td><\/tr><tr><td>1972<\/td><td>Witold KAMI\u0143SKI &#8211; Aleksander SINICKI<\/td><\/tr><tr><td>1973<\/td><td>Dariusz BORYSOW &#8211; Piotr KALI\u0143SKI<\/td><\/tr><tr><td>1974<\/td><td>Tadeusz KACZANOWSKI &#8211; Henryk WOLNY<\/td><\/tr><tr><td>1975<\/td><td>Kazimierz AST &#8211; Miros\u0142aw BUBI\u0141EK<\/td><\/tr><tr><td>1976<\/td><td>Andrzej BEREZECKI &#8211; Andrzej JASZCZAK<\/td><\/tr><tr><td>1977<\/td><td>Alfred KAWECKI &#8211; W\u0142odzimierz SKOWRO\u0143SKI<\/td><\/tr><tr><td>1978<\/td><td>Janusz \u0141UNIS &#8211; Cezary SZADKOWSKI<\/td><\/tr><tr><td>1979<\/td><td>Jerzy RYMWID &#8211; Jerzy TERLECKI<\/td><\/tr><tr><td>1980<\/td><td>Aleksander \u0141AB\u0118DZKI &#8211; W\u0142odzimierz STARKOWSKI<\/td><\/tr><tr><td>1981<\/td><td>Alojzy FRONCEK &#8211; Jerzy MAS\u0141O\u0143<\/td><\/tr><tr><td>1982<\/td><td>Jerzy KOWALSKI &#8211; Andrzej MAJCHERCZAK<\/td><\/tr><tr><td>1983<\/td><td>J\u00f3zef GRABINA &#8211; Krzysztof ZIELI\u0143SKI<\/td><\/tr><tr><td>19S4<\/td><td>Sylwester M\u0141YNARCZUK &#8211; Artur RUTKOWSKI<\/td><\/tr><tr><td>19S5<\/td><td>Karol FILIPOWICZ &#8211; Robert SEKULSKI<\/td><\/tr><tr><td>1986<\/td><td>Andrzej CHONIAWKO &#8211; Andrzej JELENIEWSKI<\/td><\/tr><tr><td>1987<\/td><td>Cezary BALICKI &#8211; Adam \u017bMUDZI\u0143SKI<\/td><\/tr><tr><td>1989<\/td><td>Andrzej BONDAREWICZ &#8211; Gerard GODLEWSKI<\/td><\/tr><tr><td>1990<\/td><td>Wincenty GALCZAK &#8211; Marian STREP<\/td><\/tr><tr><td>1991<\/td><td>Pawe\u0142 KOLWICZ &#8211; Robert STOLI\u0143SKI<\/td><\/tr><tr><td>1992<\/td><td>Tadeusz GALICA &#8211; Andrzej W\u0118GLARZ<\/td><\/tr><tr><td>1993<\/td><td>Pawe\u0142 KOLWICZ &#8211; Aleksander NOWAKOWSKI<\/td><\/tr><tr><td>1994<\/td><td>Piotr BUSSE &#8211; Eugeniusz GRZYBEK<\/td><\/tr><tr><td>1995<\/td><td>Jerzy M\u015aCISZ &#8211; Marcin P\u0118DZI\u0143SKI<\/td><\/tr><tr><td>1996<\/td><td>Krzysztof JASSEM &#8211; Piotr TUSZY\u0143SKI<\/td><\/tr><tr><td>1997<\/td><td>Piotr KLIMACKI &#8211; Jerzy WIERZBI\u0143SKI<\/td><\/tr><tr><td>1998<\/td><td>Piotr BUSSE &#8211; Stanis\u0142aw ZAKRZEWSKI<\/td><\/tr><tr><td>1999<\/td><td>Jacek MELCER &#8211; Marcin P\u0118DZI\u0143SKI<\/td><\/tr><tr><td>2000<\/td><td>Ireneusz JAROSZ &#8211; Leszek SZTYRAK<\/td><\/tr><tr><td>2001<\/td><td>Irena CHODOROWSKA &#8211; Jan CHODOROWSKI<\/td><\/tr><tr><td>2002<\/td><td>Cezary BURA &#8211; Jerzy RYMWID<\/td><\/tr><tr><td>2003<\/td><td>Rafa\u0142 JAGNIEWSKI &#8211; Bogus\u0142aw PAZUR<\/td><\/tr><tr><td>2004<\/td><td>Krzysztof CZUL &#8211; Krzysztof KUJAWA<\/td><\/tr><tr><td>2005<\/td><td>Piotr BUSSE &#8211; Eugeniusz GRZYBEK<\/td><\/tr><tr><td>2006<\/td><td>Ireneusz JAROSZ &#8211; Leszek KWIATKOWSKI<\/td><\/tr><tr><td>2007<\/td><td>Krzysztof CZUL &#8211; Janusz WESO\u0141OWSKI<\/td><\/tr><tr><td>2008<\/td><td>Bogus\u0142aw GIERULSKI &#8211; Jerzy SKRZYPCZAK<\/td><\/tr><tr><td>2009<\/td><td>Adam WUJK\u00d3W &#8211; Aleksander SKOP<\/td><\/tr><tr><td>2010<\/td><td>Bogus\u0142aw GIERULSKI &#8211; Jerzy SKRZYPCZAK<\/td><\/tr><\/tbody><\/table><h4>TURNIEJ INDYWIDUALNY<\/h4><table border=\"0\"><tbody><tr><td>1968<\/td><td>Jacek W\u0118DRYCHOWICZ<\/td><\/tr><tr><td>1969<\/td><td>Jan ZADROGA<\/td><\/tr><tr><td>1970<\/td><td>Ireneusz NOWAK<\/td><\/tr><tr><td>1971<\/td><td>Jerzy MARCINIAK<\/td><\/tr><tr><td>1972<\/td><td>Karol FILIPOWICZ<\/td><\/tr><tr><td>1973<\/td><td>Przemys\u0142aw HAUSER<\/td><\/tr><tr><td>1974<\/td><td>Jerzy THIEM<\/td><\/tr><tr><td>1975<\/td><td>Zbigniew ANDRZEJEWSKI<\/td><\/tr><tr><td>1976<\/td><td>Bogdan KULI\u0143SKI<\/td><\/tr><tr><td>1977<\/td><td>Konrad OCHOCI\u0143SKI<\/td><\/tr><tr><td>1978<\/td><td>Wojciech CIEPLI\u0143SKI<\/td><\/tr><tr><td>1979<\/td><td>Jerzy PIETRZAK<\/td><\/tr><tr><td>1980<\/td><td>Andrzej HOLOWSKI<\/td><\/tr><tr><td>1981<\/td><td>Andrzej KO\u0143CZAK<\/td><\/tr><tr><td>1982<\/td><td>Ryszard J\u0118DRYCHOWSKI<\/td><\/tr><tr><td>1983<\/td><td>Mieczys\u0142aw SZAFRANEK<\/td><\/tr><tr><td>1984<\/td><td>Andrzej BEDNARCZYK<\/td><\/tr><tr><td>1985<\/td><td>Gerard GODLEWSKI<\/td><\/tr><tr><td>1989<\/td><td>Barbara TOMIAK<\/td><\/tr><tr><td>1990<\/td><td>Apolinary MAKSIMKIEWICZ<\/td><\/tr><tr><td>1991<\/td><td>Jerzy KOWALSKI<\/td><\/tr><tr><td>1992<\/td><td>Jerzy NOWAK i W\u0142odzimierz STARKOWSKI<\/td><\/tr><\/tbody><\/table><h4>TURNIEJ TEAM\u00d3W<\/h4><table border=\"0\"><tbody><tr><td>1964<\/td><td>Stanis\u0142aw BITNER, Janusz C.NOWAK, Wies\u0142aw PISARSKI, Zdzis\u0142aw TYSZKIEWICZ<\/td><\/tr><tr><td>1965<\/td><td>Tadeusz GALICA, Andrzej J\u00d3RGA, Aleksander \u0141AB\u0118DZKI, Jerzy MARCINIAK<\/td><\/tr><tr><td>1966<\/td><td>Ryszard MALINOWSKI, Kazimierz OMERNIK, Henryk RUTKOWSKI, Janusz RYLSKI<\/td><\/tr><tr><td>1967<\/td><td>Tadeusz GA\u0141\u0104ZKA, Jaros\u0142aw KACZOROWSKI, Miros\u0142aw NAPI\u00d3RKOWSKI, Miros\u0142aw RUDAWSKI<\/td><\/tr><tr><td>1968<\/td><td>Tadeusz OLBRACHT, Mieczys\u0142aw SIKORSKI, W\u0142odzimierz STOBIECKI, Kazimierz UJAZDOWSKI<\/td><\/tr><tr><td>\u00a0<\/td><td>i Jerzy BARA\u0143SKI, Janusz JAKUBOWSKI, Zdzis\u0142aw JASTRZ\u0118BSKI, Maciej KUSZKOWSKI<\/td><\/tr><tr><td>1969<\/td><td>Stanis\u0142aw BITNER, Jan JE\u017bOWSKI, Janusz PIETRUK, Janusz PO\u0141E\u0106<\/td><\/tr><tr><td>1970<\/td><td>Kazimierz AST, Miros\u0142aw BUBI\u0141EK, Augustyn KRUKAR, Kazimierz STANI\u00d3W<\/td><\/tr><tr><td>1971<\/td><td>Jan CZAPLICKI, Jerzy KOSI\u0143SKI, Zbigniew MESTER, S\u0142awomir SZYD\u0141OWSKI<\/td><\/tr><tr><td>1972<\/td><td>Aleksander JEZIORO, Marek KUD\u0141A, Aleksander \u0141AB\u0118DZKI, Andrzej MILDE<\/td><\/tr><tr><td>1973<\/td><td>Aleksander JEZIORO, Marek KUD\u0141A, Aleksander \u0141AB\u0118DZKI, Krzysztof PUCIATYCKI<\/td><\/tr><tr><td>1974<\/td><td>Aleksander \u0141AB\u0118DZKI, Andrzej MILDE, Ireneusz NOWAK, Krzysztof PUCIATYCKI<\/td><\/tr><tr><td>1975<\/td><td>Andrzej \u0141EBKOWSKI, Tadeusz OLBRACHT, Andrzej RZONCA, Jerzy WIERZBI\u0143SKI<\/td><\/tr><tr><td>\u00a0<\/td><td>i Jacek FIDLER, Henryk GRZ\u0104DZIEL, Jerzy MICHA\u0141EK, Miros\u0142aw ROESLER<\/td><\/tr><tr><td>1976<\/td><td>Andrzej BEREZECK1, Andrzej JASZCZAK, Stanis\u0142aw ZAR\u0118BA, Antoni ZDZIENICKI<\/td><\/tr><tr><td>1977<\/td><td>W\u0142odzimierz BUGAJSKI, Andrzej GDESZ, Andrzej JASZCZAK, Arkadiusz ST\u0118PI\u0143SKI<\/td><\/tr><tr><td>1978<\/td><td>Adam RATY\u0143SKI, Jan ROMA\u0143SKI, Stanis\u0142aw RUMI\u0143SKI, Krzysztof SOKO\u0141OWSKI<\/td><\/tr><tr><td>1979<\/td><td>Jerzy M\u015aCISZ, W\u0142adys\u0142aw TOMASIAK, Les\u0142aw W\u00d3JCICKI, Marek ZABOROWSKI<\/td><\/tr><tr><td>1980<\/td><td>Tadeusz GALICA, Aleksander \u0141AB\u0118DZKI, W\u0142odzimierz STARKOWSKI, Marek SZUKA\u0141A<\/td><\/tr><tr><td>1981<\/td><td>Alojzy FRONCEK, Adam MAKOWIECKI, Jerzy MAS\u0141O\u0143, Ryszard SICZEK<\/td><\/tr><tr><td>1982<\/td><td>Tadeusz GALICA, Aleksander \u0141AB\u0118DZKI, W\u0142odzimierz STARKOWSKI, Stanis\u0142aw ZAKRZEWSKI<\/td><\/tr><tr><td>1983<\/td><td>Tadeusz GALICA, Jerzy M\u015aCISZ, Aleksander NOWAKOWSKI, Stanis\u0142aw ZAKRZEWSKI<\/td><\/tr><tr><td>1984<\/td><td>Julian JURSKI, Jerzy KOWALSKI, Jerzy MISI\u00d3RSKI, Andrzej MAJCHERCZAK<\/td><\/tr><tr><td>1985<\/td><td>Edward KACZMAREK, Maciej SOBIERALSKI, W\u0142odzimierz STARKOWSKI, Kazimierz W\u0118C\u0141AWEK<\/td><\/tr><tr><td>1986<\/td><td>Edward KACZMAREK, Aleksander \u0141AB\u0118DZKI, W\u0142odzimierz STARKOWSKI, Stanis\u0142aw ZAKRZEWSKI<\/td><\/tr><tr><td>1987<\/td><td>Zbigniew CHOMICZ-BARA, Barbara GOTARD, Tomasz GOTARD, Jan LEWKOWICZ, Jacek POLETY\u0141O<\/td><\/tr><tr><td>1989<\/td><td>Maciej SOBIERALSKI, W\u0142odzimierz STARKOWSKI, Kazimierz W\u0118C\u0141AWEK, Stanis\u0142aw ZAKRZEWSKI<\/td><\/tr><tr><td>1990<\/td><td>Jan BORYCHOWSKI, Krzysztof BRUDKA, W\u0142odzimierz KWIATKOWSKI, Marcin P\u0118DZI\u0143SKI<\/td><\/tr><tr><td>1991<\/td><td>Krzysztof JASSEM, Maciej SOBIERALSKI, W\u0142odzimierz STARKOWSKI, Henryk WOLNY<\/td><\/tr><tr><td>1992<\/td><td>Krzysztof BRUDKA, Andrzej JELENIEWSKI, W\u0142odzimierz STARKOWSKI, Stanis\u0142aw ZAKRZEWSKI<\/td><\/tr><tr><td>1993<\/td><td>Krzysztof JASSEM, W\u0142odzimierz STARKOWSKI, Kazimierz W\u0118C\u0141AWEK, Stanis\u0142aw ZAKRZEWSKI<\/td><\/tr><tr><td>1994<\/td><td>Marek KUD\u0141A, Aleksander \u0141AB\u0118DZKI, Andrzej MILDE, Marek SZUKA\u0141A<\/td><\/tr><tr><td>1995<\/td><td>Micha\u0142 DEMBI\u0143SKI, Tadeusz GALICA, Andrzej MILDE, Marek SZUKA\u0141A<\/td><\/tr><tr><td>1996<\/td><td>Krzysztof JASSEM, Piotr TUSZY\u0143SKI, Jerzy WIERZBI\u0143SKI, Stanis\u0142aw ZAKRZEWSKI<\/td><\/tr><tr><td>1997<\/td><td>Micha\u0142 DEMBI\u0143SKI, Aleksander NOWAKOWSKI, Marek SZUKA\u0141A, Kazimierz W\u0118C\u0141AWEK<\/td><\/tr><tr><td>1998<\/td><td>Andrzej BONDAREWICZ, Stanis\u0142aw GO\u0141\u0118BIOWSKI, Wojciech OLA\u0143SKI, W\u0142odzimierz STARKOWSKI<\/td><\/tr><tr><td>1999<\/td><td>Stanis\u0142aw GO\u0141\u0118BIOWSKI, Karol MYKIETYN, Wojciech OLA\u0143SKI, Adam \u017bMUDZI\u0143SKI<\/td><\/tr><tr><td>2000<\/td><td>Bartosz CHMURSKI, Stanis\u0142aw GO\u0141\u0118BIOWSKI, Grzegorz GARDYNIK, W\u0142odzimierz STARKOWSKI<\/td><\/tr><tr><td>2001<\/td><td>Krzysztof BRUDKA, Krzysztof JASSEM, Rafa\u0142 JAGNIEWSKI, Bogus\u0142aw PAZUR<\/td><\/tr><tr><td>2002<\/td><td>Jan BORYCHOWSKI, Stanis\u0142aw JANIK, Jerzy PO\u015aLEDNIK, Cezary SZADKOWSKI<\/td><\/tr><tr><td>2003<\/td><td>Jacek MELCER, Tomasz METELSKI, Marek W\u0141OSZCZUK, Marcin WOZNIAK<\/td><\/tr><tr><td>2005<\/td><td>Rafa\u0142 JAGNIEWSKI, Grzegorz NARKIEWICZ, Bogus\u0142aw PAZUR, Tomasz PILCH<\/td><\/tr><tr><td>2007<\/td><td>Andrzej JELENIEWSKI, Janusz KALIDA, Jeremi ST\u0118PI\u0143SKI, Witold TURANT, Tomasz WINCIOREK<\/td><\/tr><tr><td>2008<\/td><td>Roman KIERZNOWSKI, Stefan KOWALCZYK, Ireneusz KOWALCZYK, Jan SUCHARKIEWICZ<\/td><\/tr><tr><td>2009<\/td><td>Jacek KALITA, Krzysztof KOTOROWICZ, W\u0142odzimierz STARKOWSKI, Piotr TUSZY\u0143SKI<\/td><\/tr><tr><td>2010<\/td><td>Jan BETLEY, Aleksander KRYCH, \u0141ukasz WITKOWSKI, Jakub WOJCIESZEK<\/td><\/tr><\/tbody><\/table><h4>TURNIEJ PAR<\/h4><table border=\"0\"><tbody><tr><td>1984<\/td><td>Sylwester M\u0141YNARCZUK &#8211; Artur RUTKOWSKI<\/td><\/tr><tr><td>1985<\/td><td>Przemys\u0142aw KRASI\u0143SKI &#8211; Ryszard LISEWSKI<\/td><\/tr><tr><td>1986<\/td><td>Micha\u0142 DEMBI\u0143SKI &#8211; Aleksander SKOP<\/td><\/tr><tr><td>1987<\/td><td>Andrzej CHONIAWKO &#8211; Andrzej JELENIEWSKI<\/td><\/tr><tr><td>1989<\/td><td>Stanis\u0142aw GO\u0141\u0118BIOWSKI &#8211; Wojciech OLA\u0143SKI<\/td><\/tr><tr><td>1990<\/td><td>Krzysztof BRUDKA &#8211; W\u0142odzimierz KWIATKOWSKI<\/td><\/tr><tr><td>1991<\/td><td>Krzysztof JASSEM &#8211; Henryk WOLNY<\/td><\/tr><tr><td>1992<\/td><td>Krzysztof BRUDKA &#8211; Jerzy PO\u015aLEDNIK<\/td><\/tr><tr><td>1993<\/td><td>Ireneusz NOWAK &#8211; Kazimierz W\u0118C\u0141AWEK (maksy)<\/td><\/tr><tr><td>\u00a0<\/td><td>Przemys\u0142aw HAUSER &#8211; Bogdan \u015aWI\u0104TEK (impy)<\/td><\/tr><tr><td>1994<\/td><td>Marek KUD\u0141A &#8211; Andrzej MILDE<\/td><\/tr><tr><td>1995<\/td><td>Miros\u0142aw BUBI\u0141EK &#8211; Andrzej \u0141AGOSZ<\/td><\/tr><tr><td>1996<\/td><td>Ewa RODZIEWICZ-BIELEWICZ &#8211; Olgierd RODZIEWICZ-BIELEWICZ<\/td><\/tr><tr><td>1997<\/td><td>Eugeniusz GRZYBEK &#8211; Aleksander NOWAKOWSKI i Zbigniew KUJAWSKI &#8211; Franciszek PIEPRZYK<\/td><\/tr><tr><td>1998<\/td><td>Ewa RODZIEWICZ &#8211; Olgierd RODZIEWICZ i Cezary KRZEMI\u0143SKI &#8211; Janusz SZUTOWICZ<\/td><\/tr><tr><td>1999<\/td><td>Aleksander NOWAKOWSKI &#8211; Kazimierz W\u0118C\u0141AWEK<\/td><\/tr><tr><td>2000<\/td><td>Stefan BERNAT &#8211; W\u0142odzimierz RESZELSKI<\/td><\/tr><tr><td>2001<\/td><td>Leszek SIKORA &#8211; Ryszard HAMLING<\/td><\/tr><tr><td>2002<\/td><td>Przemys\u0142aw HAUSER &#8211; Jerzy ROSZAK<\/td><\/tr><tr><td>2003<\/td><td>Aleksander NOWAKOWSKI &#8211; Kazimierz W\u0118C\u0141AWEK<\/td><\/tr><tr><td>2004<\/td><td>Aleksander NOWAKOWSKI &#8211; Krzysztof WO\u015aKOWIAK (maksy)<\/td><\/tr><tr><td>\u00a0<\/td><td>Jacek TURCZYNOWICZ &#8211; Piotr TUSZY\u0143SKI (impy)<\/td><\/tr><tr><td>\u00a0<\/td><td>Micha\u0142 KANIKOWSKI &#8211; Krzysztof PUCIATYCKI (1. Memoria\u0142 Staszka Wybranowskiego)<\/td><\/tr><tr><td>2006<\/td><td>Adam KOZ\u0141OWSKI &#8211; Micha\u0142 LEWI\u0143SKI<\/td><\/tr><tr><td>\u00a0<\/td><td>Ma\u0142gorzata PASTERNAK &#8211; Zbigniew M\u0104CIOR (3. Memoria\u0142 Staszka Wybranowskiego)<\/td><\/tr><tr><td>2007<\/td><td>Marek BARYLEWSKI &#8211; Cezary KRZEMI\u0143SKI (4. Memoria\u0142 Staszka Wybranowskiego)<\/td><\/tr><tr><td>2008<\/td><td>Stefan KOWALCZYK &#8211; Jan SUCHARKIEWICZ (5. Memoria\u0142 Staszka Wybranowskiego)<\/td><\/tr><tr><td>2009<\/td><td>Jacek CIECHOMSKI &#8211; S\u0142awomir OLECH (6. Memoria\u0142 Staszka Wybranowskiego)<\/td><\/tr><tr><td>2010<\/td><td>Micha\u0142 NOWOSADZKI &#8211; Piotr WIANKOWSKI (7. Memoria\u0142 Staszka Wybranowskiego)<\/td><\/tr><\/tbody><\/table><h4>PUNKTACJA KONGRESOWA<\/h4><table border=\"0\"><tbody><tr><td>1971<\/td><td>Aleksander JEZIORO<\/td><\/tr><tr><td>1972<\/td><td>Aleksander \u0141AB\u0118DZKI<\/td><\/tr><tr><td>1973<\/td><td>Marek KUD\u0141A<\/td><\/tr><tr><td>1974<\/td><td>Aleksander \u0141AB\u0118DZKI<\/td><\/tr><tr><td>1975<\/td><td>Kazimierz OMERNIK<\/td><\/tr><tr><td>1976<\/td><td>Andrzej JASZCZAK<\/td><\/tr><tr><td>1977<\/td><td>Andrzej GDESZ<\/td><\/tr><tr><td>1978<\/td><td>Adam RATY\u0143SKI<\/td><\/tr><tr><td>1979<\/td><td>Zbigniew SAMEK<\/td><\/tr><tr><td>1980<\/td><td>Aleksander \u0141AB\u0118DZKI<\/td><\/tr><tr><td>1981<\/td><td>Jerzy MAS\u0141O\u0143<\/td><\/tr><tr><td>1982<\/td><td>J\u00f3zef PALUSI\u0143SKI<\/td><\/tr><tr><td>1983<\/td><td>Adam \u017bMUDZI\u0143SKI<\/td><\/tr><tr><td>1984<\/td><td>Sylwester M\u0141YNARCZUK<\/td><\/tr><tr><td>1985<\/td><td>Miros\u0142aw SOROKA<\/td><\/tr><tr><td>1986<\/td><td>Adam \u017bMUDZI\u0143SKI<\/td><\/tr><tr><td>1987<\/td><td>Andrzej CHONIAWKO i Marek GO\u015aCINIAK<\/td><\/tr><tr><td>1989<\/td><td>Stanis\u0142aw GO\u0141\u0118BIOWSKI<\/td><\/tr><tr><td>1990<\/td><td>Marian STREP<\/td><\/tr><tr><td>1991<\/td><td>Krzysztof JASSEM<\/td><\/tr><tr><td>1992<\/td><td>Krzysztof BRUDKA<\/td><\/tr><tr><td>1993<\/td><td>Kazimierz W\u0118C\u0141AWEK<\/td><\/tr><tr><td>1994<\/td><td>Andrzej MILDE<\/td><\/tr><tr><td>1995<\/td><td>Jerzy M\u015aCISZ i Marcin P\u0118DZI\u0143SKI<\/td><\/tr><tr><td>1996<\/td><td>Krzysztof JASSEM i Piotr TUSZY\u0143SKI<\/td><\/tr><tr><td>1997<\/td><td>Tomasz METELSKI i Marek W\u0141OSZCZUK<\/td><\/tr><tr><td>1998<\/td><td>Piotr BUSSE<\/td><\/tr><tr><td>1999<\/td><td>Leszek SZTYRAK i Andrzej TWARDOWSKI<\/td><\/tr><tr><td>2000<\/td><td>Ireneusz JAROSZ i Leszek SZTYRAK<\/td><\/tr><tr><td>2001<\/td><td>Krzysztof JASSEM<\/td><\/tr><tr><td>2002<\/td><td>Marek SZUKA\u0141A i Piotr WALCZAK<\/td><\/tr><tr><td>2003<\/td><td>Tomasz METELSKI i Marcin WOZNIAK<\/td><\/tr><tr><td>2004<\/td><td>Rafa\u0142 GARDZIELEWSKI i Jacek ZALEWSKI<\/td><\/tr><tr><td>2006<\/td><td>Ireneusz JAROSZ i Leszek KWIATKOWSKI<\/td><\/tr><tr><td>2007<\/td><td>Jeremi ST\u0118PI\u0143SKI i Witold TURANT<\/td><\/tr><tr><td>2008<\/td><td>Rafa\u0142 GARDZIELEWSKI i Pawe\u0142 KOLWICZ<\/td><\/tr><tr><td>2009<\/td><td>Jacek KALITA<\/td><\/tr><tr><td>2010<\/td><td>S\u0142awomir HENCLIK i Kazimierz OMERNIK<\/td><\/tr><\/tbody><\/table>\t\t\t\t\t\t<\/div>\n\t\t\t\t<\/div>\n\t\t\t\t\t<\/div>\n\t\t<\/div>\n\t\t\t\t\t<\/div>\n\t\t<\/section>\n\t\t\t\t<\/div>\n\t\t","protected":false},"excerpt":{"rendered":"<p>https:\/\/kongres.brydz.wlkp.pl\/ Historia Wyniki 2022 Wyniki 2021 Wyniki 2019 Wyniki 2018 Wyniki 2017 Wyniki 2016 Wyniki 2015 Wyniki 2014 Wyniki 2013 Wyniki 2012 Wyniki 2011 Wyniki 2010 Wyniki 2009 Wyniki 2008 Dobrym zwyczajem dzia\u0142aczy sportowych Poznania by\u0142o organizowanie w okresie Mi\u0119dzynarodowych Targ\u00f3w Pozna\u0144skich licznych, ciekawych imprez. W ten spos\u00f3b liczni go\u015bcie targowi mogli po obejrzeniu ekspozycji\u2026 <span class=\"read-more\"><a href=\"https:\/\/kongresy.brydz.wlkp.pl\/index.php\/historia\/\">Czytaj dalej &raquo;<\/a><\/span><\/p>\n","protected":false},"author":1,"featured_media":0,"parent":0,"menu_order":0,"comment_status":"closed","ping_status":"closed","template":"","meta":{"_ti_tpc_template_sync":false,"_ti_tpc_template_id":""},"_links":{"self":[{"href":"https:\/\/kongresy.brydz.wlkp.pl\/index.php\/wp-json\/wp\/v2\/pages\/370"}],"collection":[{"href":"https:\/\/kongresy.brydz.wlkp.pl\/index.php\/wp-json\/wp\/v2\/pages"}],"about":[{"href":"https:\/\/kongresy.brydz.wlkp.pl\/index.php\/wp-json\/wp\/v2\/types\/page"}],"author":[{"embeddable":true,"href":"https:\/\/kongresy.brydz.wlkp.pl\/index.php\/wp-json\/wp\/v2\/users\/1"}],"replies":[{"embeddable":true,"href":"https:\/\/kongresy.brydz.wlkp.pl\/index.php\/wp-json\/wp\/v2\/comments?post=370"}],"version-history":[{"count":13,"href":"https:\/\/kongresy.brydz.wlkp.pl\/index.php\/wp-json\/wp\/v2\/pages\/370\/revisions"}],"predecessor-version":[{"id":3566,"href":"https:\/\/kongresy.brydz.wlkp.pl\/index.php\/wp-json\/wp\/v2\/pages\/370\/revisions\/3566"}],"wp:attachment":[{"href":"https:\/\/kongresy.brydz.wlkp.pl\/index.php\/wp-json\/wp\/v2\/media?parent=370"}],"curies":[{"name":"wp","href":"https:\/\/api.w.org\/{rel}","templated":true}]}}